{"id":96,"date":"2016-05-11T22:17:45","date_gmt":"2016-05-11T22:17:45","guid":{"rendered":"http:\/\/www.mestrephp.com.br\/wordpress\/?page_id=96"},"modified":"2016-12-19T16:53:36","modified_gmt":"2016-12-19T19:53:36","slug":"institucionais","status":"publish","type":"page","link":"https:\/\/www.asttral.com.br\/wordpress\/links-uteis\/institucionais\/","title":{"rendered":"Institucionais"},"content":{"rendered":"<ul>\n<li><a href=\"http:\/\/www.planalto.gov.br\/\" target=\"_blank\">Governo Federal<\/a><\/li>\n<li><a href=\"http:\/\/www.defesa.gov.br\/\" target=\"_blank\">Minist\u00e9rio da Defesa<\/a><\/li>\n<li><a href=\"http:\/\/www.mar.mil.br\/\" target=\"_blank\">Marinha do Brasil<\/a><\/li>\n<li><a href=\"http:\/\/www.eb.mil.br\/\" target=\"_blank\">Ex\u00e9rcito Brasileiro<\/a><\/li>\n<li><a href=\"http:\/\/www.fab.mil.br\/\" target=\"_blank\">For\u00e7a A\u00e9rea Brasileira<\/a><\/li>\n<li><a href=\"http:\/\/www.salvamarbrasil.mar.mil.br\/\" target=\"_blank\">Salvamar Brasil<\/a><\/li>\n<\/ul>\n","protected":false},"excerpt":{"rendered":"<p>Governo Federal Minist\u00e9rio da Defesa Marinha do Brasil Ex\u00e9rcito Brasileiro For\u00e7a A\u00e9rea Brasileira Salvamar Brasil<\/p>\n<a role=\"link\" class=\"rtp-readmore\" title=\"Leia mais em Institucionais\" href=\"https:\/\/www.asttral.com.br\/wordpress\/links-uteis\/institucionais\/\" rel=\"nofollow\">Read More &rarr;<\/a>","protected":false},"author":1,"featured_media":0,"parent":89,"menu_order":0,"comment_status":"closed","ping_status":"closed","template":"","meta":[],"_links":{"self":[{"href":"https:\/\/www.asttral.com.br\/wordpress\/wp-json\/wp\/v2\/pages\/96"}],"collection":[{"href":"https:\/\/www.asttral.com.br\/wordpress\/wp-json\/wp\/v2\/pages"}],"about":[{"href":"https:\/\/www.asttral.com.br\/wordpress\/wp-json\/wp\/v2\/types\/page"}],"author":[{"embeddable":true,"href":"https:\/\/www.asttral.com.br\/wordpress\/wp-json\/wp\/v2\/users\/1"}],"replies":[{"embeddable":true,"href":"https:\/\/www.asttral.com.br\/wordpress\/wp-json\/wp\/v2\/comments?post=96"}],"version-history":[{"count":3,"href":"https:\/\/www.asttral.com.br\/wordpress\/wp-json\/wp\/v2\/pages\/96\/revisions"}],"predecessor-version":[{"id":178,"href":"https:\/\/www.asttral.com.br\/wordpress\/wp-json\/wp\/v2\/pages\/96\/revisions\/178"}],"up":[{"embeddable":true,"href":"https:\/\/www.asttral.com.br\/wordpress\/wp-json\/wp\/v2\/pages\/89"}],"wp:attachment":[{"href":"https:\/\/www.asttral.com.br\/wordpress\/wp-json\/wp\/v2\/media?parent=96"}],"curies":[{"name":"wp","href":"https:\/\/api.w.org\/{rel}","templated":true}]}}