{"id":94,"date":"2016-05-11T22:11:40","date_gmt":"2016-05-11T22:11:40","guid":{"rendered":"http:\/\/www.mestrephp.com.br\/wordpress\/?page_id=94"},"modified":"2016-05-11T22:11:40","modified_gmt":"2016-05-11T22:11:40","slug":"informativos","status":"publish","type":"page","link":"https:\/\/www.asttral.com.br\/wordpress\/links-uteis\/informativos\/","title":{"rendered":"Informativos"},"content":{"rendered":"<ul>\n<li><a href=\"https:\/\/videoportal.mar.mil.br\/vportal\/\" target=\"_blank\">TV Marinha<\/a><\/li>\n<li><a href=\"https:\/\/www.marinha.mil.br\/radiomb\" target=\"_blank\">R\u00e1dio Marinha<\/a><\/li>\n<li><a href=\"https:\/\/www.marinha.mil.br\/revistas-navais\" target=\"_blank\">Revistas Marinha<\/a><\/li>\n<li><a href=\"http:\/\/www.mar.mil.br\/menu_v\/sinopse\/2007\/sinopse.htm\" target=\"_blank\">Not\u00edcias Di\u00e1rias<\/a><\/li>\n<li><a href=\"https:\/\/www.marinha.mil.br\/\" target=\"_blank\">Marinha do Brasil<\/a><\/li>\n<li><a href=\"http:\/\/www.fordefesa.com.br\/\" target=\"_blank\">Site For\u00e7as de Defesa<\/a><\/li>\n<li><a href=\"http:\/\/www.naval.com.br\/\" target=\"_blank\">Site Poder Naval<\/a><\/li>\n<li><a href=\"http:\/\/www.forte.jor.br\/\" target=\"_blank\">Site For\u00e7as Terrestres<\/a><\/li>\n<li><a href=\"http:\/\/www.aereo.jor.br\/\" target=\"_blank\">Site Poder A\u00e9reo<\/a><\/li>\n<\/ul>\n","protected":false},"excerpt":{"rendered":"<p>TV Marinha R\u00e1dio Marinha Revistas Marinha Not\u00edcias Di\u00e1rias Marinha do Brasil Site For\u00e7as de Defesa Site Poder Naval Site For\u00e7as Terrestres Site Poder A\u00e9reo<\/p>\n<a role=\"link\" class=\"rtp-readmore\" title=\"Leia mais em Informativos\" href=\"https:\/\/www.asttral.com.br\/wordpress\/links-uteis\/informativos\/\" rel=\"nofollow\">Read More &rarr;<\/a>","protected":false},"author":1,"featured_media":0,"parent":89,"menu_order":0,"comment_status":"closed","ping_status":"closed","template":"","meta":[],"_links":{"self":[{"href":"https:\/\/www.asttral.com.br\/wordpress\/wp-json\/wp\/v2\/pages\/94"}],"collection":[{"href":"https:\/\/www.asttral.com.br\/wordpress\/wp-json\/wp\/v2\/pages"}],"about":[{"href":"https:\/\/www.asttral.com.br\/wordpress\/wp-json\/wp\/v2\/types\/page"}],"author":[{"embeddable":true,"href":"https:\/\/www.asttral.com.br\/wordpress\/wp-json\/wp\/v2\/users\/1"}],"replies":[{"embeddable":true,"href":"https:\/\/www.asttral.com.br\/wordpress\/wp-json\/wp\/v2\/comments?post=94"}],"version-history":[{"count":1,"href":"https:\/\/www.asttral.com.br\/wordpress\/wp-json\/wp\/v2\/pages\/94\/revisions"}],"predecessor-version":[{"id":95,"href":"https:\/\/www.asttral.com.br\/wordpress\/wp-json\/wp\/v2\/pages\/94\/revisions\/95"}],"up":[{"embeddable":true,"href":"https:\/\/www.asttral.com.br\/wordpress\/wp-json\/wp\/v2\/pages\/89"}],"wp:attachment":[{"href":"https:\/\/www.asttral.com.br\/wordpress\/wp-json\/wp\/v2\/media?parent=94"}],"curies":[{"name":"wp","href":"https:\/\/api.w.org\/{rel}","templated":true}]}}