{"id":108,"date":"2016-05-11T22:49:12","date_gmt":"2016-05-11T22:49:12","guid":{"rendered":"http:\/\/www.mestrephp.com.br\/wordpress\/?page_id=108"},"modified":"2016-12-19T16:30:49","modified_gmt":"2016-12-19T19:30:49","slug":"midia-marinha","status":"publish","type":"page","link":"https:\/\/www.asttral.com.br\/wordpress\/midia-marinha\/","title":{"rendered":"M\u00eddia Marinha"},"content":{"rendered":"<p>Televis\u00e3o, R\u00e1dio, Not\u00edcias\u00a0e Revistas disponibilizados pela <a href=\"https:\/\/www.marinha.mil.br\" target=\"_blank\">Marinha do Brasil<\/a>:<\/p>\n<ul>\n<li><a href=\"https:\/\/www.marinha.mil.br\/content\/tv-marinha\" target=\"_blank\">TV Marinha<\/a><\/li>\n<li><a href=\"https:\/\/www.marinha.mil.br\/radiomarinha\" target=\"_blank\">R\u00e1dio Marinha<\/a><\/li>\n<li><a href=\"https:\/\/www.marinha.mil.br\/content\/revistas-navais\" target=\"_blank\">Revistas Marinha<\/a><\/li>\n<li><a href=\"https:\/\/www.marinha.mil.br\/sinopse_ccsm\" target=\"_blank\">Not\u00edcias Di\u00e1rias<\/a><\/li>\n<\/ul>\n","protected":false},"excerpt":{"rendered":"<p>Televis\u00e3o, R\u00e1dio, Not\u00edcias\u00a0e Revistas disponibilizados pela Marinha do Brasil: TV Marinha R\u00e1dio Marinha Revistas Marinha Not\u00edcias Di\u00e1rias<\/p>\n<a role=\"link\" class=\"rtp-readmore\" title=\"Leia mais em M\u00eddia Marinha\" href=\"https:\/\/www.asttral.com.br\/wordpress\/midia-marinha\/\" rel=\"nofollow\">Read More &rarr;<\/a>","protected":false},"author":1,"featured_media":0,"parent":0,"menu_order":0,"comment_status":"closed","ping_status":"closed","template":"","meta":[],"_links":{"self":[{"href":"https:\/\/www.asttral.com.br\/wordpress\/wp-json\/wp\/v2\/pages\/108"}],"collection":[{"href":"https:\/\/www.asttral.com.br\/wordpress\/wp-json\/wp\/v2\/pages"}],"about":[{"href":"https:\/\/www.asttral.com.br\/wordpress\/wp-json\/wp\/v2\/types\/page"}],"author":[{"embeddable":true,"href":"https:\/\/www.asttral.com.br\/wordpress\/wp-json\/wp\/v2\/users\/1"}],"replies":[{"embeddable":true,"href":"https:\/\/www.asttral.com.br\/wordpress\/wp-json\/wp\/v2\/comments?post=108"}],"version-history":[{"count":3,"href":"https:\/\/www.asttral.com.br\/wordpress\/wp-json\/wp\/v2\/pages\/108\/revisions"}],"predecessor-version":[{"id":176,"href":"https:\/\/www.asttral.com.br\/wordpress\/wp-json\/wp\/v2\/pages\/108\/revisions\/176"}],"wp:attachment":[{"href":"https:\/\/www.asttral.com.br\/wordpress\/wp-json\/wp\/v2\/media?parent=108"}],"curies":[{"name":"wp","href":"https:\/\/api.w.org\/{rel}","templated":true}]}}